 Let t be 0 + (-1 - d) - -3. Suppose p = t + 7. What is the remainder when p is divided by 6?
4
Suppose 0 = 5*v - 7*o + 3*o - 115, 5*v = 3*o + 110. Calculate the remainder when v is divided by 11.
8
Let g = 30 + -16. What is the remainder when (-2 - -5 - 2)*40 is divided by g?
12
Let a = 18 - 12. Let r(s) = 3*s - 3. Calculate the remainder when 29 is divided by r(a).
14
Let v = -2 + 5. Suppose 2*l + 2*d = 4*d - 6, 0 = -3*l - 2*d + 16. Suppose 5 = -l*o + 15. Calculate the remainder when o is divided by v.
2
Let n = -24 - -76. Suppose -2*i + 4*v + 34 = 0, -v - n = -4*i + 3*v. Calculate the remainder when i is divided by 5.
4
Calculate the remainder when 42 is divided by 0 - 47/(-2) - 30/20.
20
Let w = 29 + -28. Calculate the remainder when 2 is divided by w.
0
Let d = 86 - 81. Calculate the remainder when d is divided by 4.
1
Let z(w) = -w**2 + 6*w - 6. Let y be z(4). Suppose -8 = -3*h + y*h. Suppose 0*t - 60 = -2*t. Calculate the remainder when t is divided by h.
6
Let j(v) = 1. Let a(i) = i + 4. Let m(t) = -a(t) + 5*j(t). Calculate the remainder when 19 is divided by m(-6).
5
Suppose -a = 4*f - 52, 0 = -2*f + 4*a - 7 + 51. What is the remainder when 44 is divided by f?
2
Let v(m) be the first derivative of m**3/3 + 4*m - 2. What is the remainder when v(-5) is divided by 16?
13
Suppose 11*c = 13*c + 5*v - 52, 2*c + 2*v - 46 = 0. Calculate the remainder when 1*-1*2 - -41 is divided by c.
18
What is the remainder when 47 is divided by (1 - 1) + (-3)/(6/(-16))?
7
Let o(r) = -4*r**2 + r + 5. Let g(j) = -12*j**2 + 3*j + 14. Let n(m) = -4*g(m) + 11*o(m). Let a = 16 + -9. Calculate the remainder when a is divided by n(-1).
3
Suppose 0 = 5*v - 5*n + 5, 3*n - 2 = -v + 1. Suppose -4*m + 8 = -4*p, -5*p - 4*m + 2*m + 25 = v. Let j = 18 + -10. What is the remainder when j is divided by p?
2
Suppose 3*r + 20 - 53 = 0. Calculate the remainder when 37 is divided by r.
4
Let t be (-98)/(-21) - (-2)/(-3). What is the remainder when t/(-10) - (-2176)/40 is divided by 14?
12
Let s(f) = f**3 + 2*f**2 - f + 1. Let i(g) = g**2. Let k(u) = 5*i(u) - s(u). What is the remainder when 2 is divided by k(3)?
0
Calculate the remainder when 47 is divided by (-102)/(-10)*(-4)/(-12)*5.
13
Suppose 3*m - 5*u + 42 + 8 = 0, -5*u = 25. Let k be (-2 - m) + 1 - -1. Suppose 0 = z + 3*c - k, 3*c = 2*z - c. What is the remainder when 18 is divided by z?
8
Suppose -2*d = 10, 0*h = -2*h - 5*d - 17. What is the remainder when (-62)/(-6) + (-3)/9 is divided by h?
2
What is the remainder when 42 is divided by 68/(-204) - (-2)/((-6)/(-37))?
6
Let k be -13 - (0 + 3 + -3). Let u = k + 50. What is the remainder when u is divided by ((-2)/(-3))/((-4)/(-78))?
11
Let y(p) = -p - 7. Let r be y(-6). Let f = 4 + r. Calculate the remainder when f is divided by 1.
0
Suppose 0 = -4*u + 4*k + 13 + 19, 4*k = 8. Suppose -x + u = 4*x. Let z = 3 - x. What is the remainder when 2 is divided by z?
0
Suppose -d - r - 2 + 4 = 0, 4*d = 5*r - 1. Suppose -5*l + 19 = -j, -16 = -4*j + 2*l - 5*l. What is the remainder when d is divided by j?
0
Suppose -11 - 29 = -2*t. Calculate the remainder when 74 is divided by t.
14
Suppose 4*x = -3 + 11. Suppose 52 = 6*k - x*k. What is the remainder when -1 - -25 - (-1 + 1) is divided by k?
11
Let u be (-61)/(-3) + (-5)/15. Suppose t = y - 4*t - u, -2*y + 18 = t. What is the remainder when 27 is divided by y?
7
Suppose 4*k - 186 = 2. What is the remainder when k is divided by 12?
11
Let h be -3 - 2*(-2)/(-4). Let z(n) = -2*n**2 + 3*n + 11. Let r be z(5). Calculate the remainder when 27 is divided by 2*h/(r/45).
12
Let n(j) = j**2 - 5*j + 3. Suppose -1 - 19 = -2*w. Let h be n(w). Suppose -5*z = -62 - h. Calculate the remainder when z is divided by 12.
11
Suppose 0*u - 8 = -2*u. Suppose -u*i = -i. Suppose 4*j = -i*a - a, -4*a = 3*j - 13. What is the remainder when 10 is divided by a?
2
Suppose -5*q - 141 - 49 = -5*t, -3*t + 122 = 5*q. Suppose 0 = 5*u - 8*u + t. Calculate the remainder when 46 is divided by u.
7
Let f(z) = z**3 + 11*z**2 - 13*z + 4. What is the remainder when 29 is divided by f(-12)?
13
Suppose 4*c + 0*c = 4*y - 24, 0 = -5*y + c + 42. Calculate the remainder when 15 is divided by y.
6
Let a(p) = -p**2 + 12*p + 1. Let l(z) = 13*z**2 - 2*z - 2. Calculate the remainder when l(2) is divided by a(11).
10
Let q = 101 + -70. What is the remainder when 90 is divided by q?
28
Suppose -4*j + 12 = -8. Let b(h) = h**2 + 4*h - 7. Let y be b(-9). Suppose 3*l - j*l + y = 0. Calculate the remainder when 54 is divided by l.
16
Let l(d) = d + 3. Calculate the remainder when 24 is divided by l(4).
3
Suppose -d = -4*d. Suppose 2*f = -d + 22. Calculate the remainder when f is divided by 4.
3
Let u be (-20)/(3*-2 - -4). Let t = u - 2. What is the remainder when 29 is divided by t?
5
Let h = 4 + 22. Suppose 2*z = 2*b + 28, 5*z - 3*z - b - h = 0. Suppose 47 - 12 = 5*c. What is the remainder when z is divided by c?
5
Suppose 0 = -6*c - 59 + 413. What is the remainder when c is divided by 20?
19
What is the remainder when 63 is divided by (1 - 0)*-2 - (-19 + 1)?
15
Let j = 0 + 2. Suppose 2*z - 16 + 40 = 4*n, -j*z = 2*n - 18. What is the remainder when 12 is divided by n?
5
Let i(k) = -4*k**3 - 2*k**2 - 2*k - 2. What is the remainder when 127 is divided by i(-2)?
23
Suppose 4*z + z = 10. Suppose 2*x = -z*x + 48. What is the remainder when 23 is divided by x?
11
Let h = -129 + 147. Calculate the remainder when 70 is divided by h.
16
Let f(u) = -14*u + 8. Let g be f(-6). Suppose -4*c = -4*q - g, -q - q - 26 = -c. What is the remainder when 39 is divided by c?
19
Let i(l) = -l - 3. Calculate the remainder when 18 is divided by i(-17).
4
Let b(p) = p**3 + 18*p**2 - p - 12. What is the remainder when 27 is divided by b(-18)?
3
Let z = 131 - 77. Let l = 16 + z. Calculate the remainder when l is divided by 18.
16
Let g be (-4)/(-16) - 222/(-8). Let k = g - 18. What is the remainder when 67 is divided by k?
7
Suppose 0*g - 176 = 4*g. Let d = -22 - g. Calculate the remainder when d is divided by 8.
6
What is the remainder when (-79)/(-1) + (-1 - (1 - 2)) is divided by 28?
23
Let d(g) = 10*g**3 - g**2 - 5. Calculate the remainder when d(2) is divided by 24.
23
Let l = 215 - 112. Calculate the remainder when l is divided by 15.
13
Suppose 3*a + 3 = h - 8, 4*a + 36 = 4*h. Calculate the remainder when 30 is divided by h.
6
Let i = 16 - 7. What is the remainder when i is divided by 3?
0
Suppose 0 = -3*d + 4*d - 54. What is the remainder when d is divided by 14?
12
Suppose 3*n - t - t + 22 = 0, n + 5 = 3*t. Let i = 2 - n. What is the remainder when 36 is divided by i?
6
Let t = 19 + -35. Calculate the remainder when 266/8 + 4/t is divided by 12.
9
Suppose 0 = 8*r - 3*r + 1485. Suppose 4*x + x = 85. What is the remainder when (r/(-18))/(1/2) is divided by x?
16
Suppose 0 = 4*u - 4*w - 87 + 259, 2*u + 77 = 5*w. What is the remainder when 20 is divided by u/(-4) - (-1)/(-2)?
9
Suppose 2*d - 10 = 0, 2*x + 0*x + 4*d = 36. Suppose -z + 28 + x = w, 3*w - 34 = -z. What is the remainder when z is divided by 20?
17
Let g = 74 + -53. What is the remainder when g is divided by -1 + -4*(3 - 6)?
10
Let w be (-1)/2 + (-50)/4. Suppose 44 + 43 = 3*d. Calculate the remainder when d is divided by -1 - (w - (-1 + -1)).
9
Let b(g) = 0 - 3 + 1 - 1 - 2*g. Let l be b(-3). Suppose 11 = -4*n + l*a, 0 = 6*n - 2*n - 2*a + 6. What is the remainder when n is divided by 1?
0
What is the remainder when 26 is divided by (-1 + 2)*(3 + 11)?
12
Let b(m) = -7 + m + 7*m + 4*m + 4*m**2 - 9*m. What is the remainder when b(-5) is divided by 20?
18
Let i = 33 + -19. Suppose -g + 9 + i = 0. Calculate the remainder when g is divided by 8.
7
What is the remainder when 47*(6 + (-2 - 2)) is divided by 16?
14
Suppose -4 = 3*a + 5*p, 4*a + 5*p = 1 - 3. Calculate the remainder when 4 is divided by a.
0
Suppose u + 0*u = 22. Let y = u - -7. What is the remainder when y is divided by 16?
13
Let i = -3 + 1. Let u(f) = -f**2 - 3*f - 1. Let t be u(i). Suppose -h + 4 = t. Calculate the remainder when 11 is divided by h.
2
Let n(s) = s**2 - 7*s + 2. Let i be n(7). Let h(x) = 5 + x**i - x + 0 - 6*x. Calculate the remainder when 14 is divided by h(7).
4
Suppose 3 = -5*k + 33. Suppose 2*a + 2*w - 24 = a, 3*a = 3*w + 36. What is the remainder when a is divided by k